ase 6) in base 10?
-6
Convert 71 (base 16) to base 5.
423
What is 112 (base 4) in base 2?
10110
Convert -14 (base 8) to base 5.
-22
Convert 4 (base 9) to base 11.
4
What is 54 (base 15) in base 14?
59
Convert 100 (base 2) to base 15.
4
What is -101000011 (base 2) in base 3?
-102222
What is 12c (base 15) in base 16?
10b
-14 (base 15) to base 6
-31
-1 (base 6) to base 12
-1
-1111 (base 2) to base 16
-f
Convert 454 (base 6) to base 13.
109
78 (base 15) to base 5
423
What is 162 (base 14) in base 8?
432
-9 (base 14) to base 12
-9
-14a (base 14) to base 7
-523
Convert 196 (base 12) to base 8.
402
Convert -2 (base 14) to base 9.
-2
Convert 5 (base 6) to base 8.
5
What is -341 (base 5) in base 3?
-10120
Convert 11 (base 3) to base 13.
4
What is -64 (base 11) in base 3?
-2121
304 (base 5) to base 12
67
41 (base 10) to base 2
101001
Convert 20 (base 4) to base 13.
8
What is -114 (base 6) in base 16?
-2e
What is -3 (base 15) in base 13?
-3
Convert -11 (base 4) to base 11.
-5
-a6 (base 15) to base 3
-12210
1 (base 6) to base 2
1
What is 5 (base 8) in base 9?
5
23 (base 15) to base 6
53
Convert -3 (base 14) to base 2.
-11
What is 3 (base 4) in base 11?
3
Convert -450 (base 7) to base 13.
-14a
Convert -100001111 (base 2) to base 5.
-2041
Convert -23 (base 5) to base 8.
-15
Convert 1 (base 14) to base 4.
1
What is 169 (base 11) in base 2?
11000100
6 (base 16) to base 14
6
Convert -7e (base 16) to base 10.
-126
Convert -10011110 (base 2) to base 4.
-2132
-6 (base 13) to base 4
-12
4 (base 10) to base 14
4
Convert 6a (base 12) to base 7.
145
3 (base 10) to base 13
3
What is 2 (base 7) in base 6?
2
What is -14 (base 14) in base 11?
-17
-5 (base 10) to base 14
-5
-c (base 13) to base 9
-13
What is -2 (base 12) in base 11?
-2
d6 (base 14) to base 13
116
Convert -16d (base 16) to base 4.
-11231
Convert -65 (base 11) to base 3.
-2122
What is 13f (base 16) in base 5?
2234
-1011 (base 6) to base 12
-167
Convert 22 (base 3) to base 6.
12
5 (base 15) to base 10
5
What is c (base 13) in base 5?
22
What is 132 (base 4) in base 2?
11110
What is -5 (base 13) in base 14?
-5
What is 10 (base 6) in base 12?
6
What is -2 (base 6) in base 3?
-2
What is 1010111 (base 2) in base 9?
106
Convert -4 (base 11) to base 5.
-4
What is 23 (base 4) in base 9?
12
What is -272 (base 13) in base 4?
-12233
Convert 0 (base 5) to base 6.
0
3 (base 5) to base 11
3
110 (base 4) to base 8
24
What is 1 (base 6) in base 4?
1
1 (base 15) to base 9
1
Convert 3 (base 10) to base 12.
3
-3 (base 4) to base 16
-3
Convert 0 (base 7) to base 3.
0
What is 1125 (base 6) in base 14?
153
Convert 11111101 (base 2) to base 8.
375
What is -22 (base 3) in base 11?
-8
Convert -2231 (base 5) to base 8.
-474
Convert 104 (base 6) to base 12.
34
What is -10 (base 3) in base 7?
-3
-1131 (base 5) to base 6
-434
Convert 2 (base 3) to base 7.
2
What is -1bc (base 13) in base 5?
-2244
Convert -2a (base 13) to base 3.
-1100
Convert d (base 15) to base 8.
15
Convert 2 (base 9) to base 2.
10
Convert 1344 (base 5) to base 15.
ee
Convert -121 (base 8) to base 11.
-74
10 (base 6) to base 3
20
What is 3 (base 14) in base 5?
3
What is -68 (base 10) in base 2?
-1000100
What is -36 (base 13) in base 14?
-33
What is -3 (base 7) in base 11?
-3
Convert 1 (base 14) to base 2.
1
What is 4 (base 5) in base 7?
4
0 (base 8) to base 14
0
What is -16 (base 8) in base 4?
-32
1a9 (base 11) to base 2
11110000
-2 (base 13) to base 12
-2
What is -7 (base 10) in base 15?
-7
What is -129 (base 11) in base 16?
-98
-111 (base 4) to base 12
-19
Convert 40 (base 13) to base 6.
124
Convert 0 (base 10) to base 2.
0
-7 (base 11) to base 16
-7
What is -136 (base 12) in base 9?
-226
What is -1 (base 7) in base 14?
-1
Convert -a3 (base 15) to base 3.
-12200
-3 (base 8) to base 16
-3
-80 (base 16) to base 7
-242
3 (base 7) to base 16
3
2 (base 6) to base 11
2
-5 (base 14) to base 3
-12
Convert 7 (base 10) to base 13.
7
What is -2 (base 14) in base 7?
-2
What is -25 (base 11) in base 9?
-30
Convert 11 (base 3) to base 6.
4
1 (base 13) to base 7
1
d2 (base 15) to base 13
122
1111 (base 2) to base 9
16
Convert 54 (base 14) to base 9.
82
Convert -5 (base 11) to base 8.
-5
Convert -6 (base 15) to base 6.
-10
What is 11 (base 9) in base 5?
20
What is 106 (base 12) in base 16?
96
What is 4 (base 12) in base 8?
4
1 (base 14) to base 3
1
34 (base 7) to base 3
221
What is 5 (base 16) in base 10?
5
7 (base 12) to base 5
12
2 (base 3) to base 12
2
What is -23 (base 4) in base 3?
-102
What is -111 (base 2) in base 12?
-7
What is 5 (base 11) in base 5?
10
-344 (base 5) to base 2
-1100011
Convert -1101011 (base 2) to base 16.
-6b
Convert -243 (base 5) to base 6.
-201
Convert -19 (base 12) to base 5.
-41
-42 (base 12) to base 13
-3b
Convert -10 (base 7) to base 4.
-13
Convert -42 (base 6) to base 14.
-1c
What is 1001 (base 2) in base 14?
9
Convert 1 (base 15) to base 10.
1
Convert 15 (base 10) to base 2.
1111
1241 (base 5) to base 6
524
-11 (base 4) to base 8
-5
-32 (base 4) to base 8
-16
What is -1b (base 13) in base 5?
-44
Convert 14 (base 10) to base 8.
16
2 (base 11) to base 3
2
125 (base 8) to base 13
67
1012 (base 4) to base 8
106
What is 9 (base 11) in base 13?
9
-2 (base 9) to base 4
-2
-12 (base 4) to base 9
-6
1 (base 9) to base 10
1
Convert -d7 (base 15) to base 11.
-174
Convert 2 (base 10) to base 5.
2
Convert b (base 15) to base 11.
10
What is 6 (base 11) in base 16?
6
What is -3 (base 6) in base 8?
-3
Convert cb (base 16) to base 6.
535
-1101 (base 2) to base 6
-21
1010 (base 2) to base 5
20
32 (base 4) to base 7
20
Convert -6 (base 15) to base 9.
-6
What is -4 (base 11) in base 16?
-4
89 (base 10) to base 2
1011001
What is -4 (base 10) in base 14?
-4
100 (base 3) to base 9
10
Convert 3 (base 8) to base 14.
3
What is 22 (base 16) in base 15?
24
Convert a4 (base 16) to base 8.
244
Convert 100 (base 2) to base 11.
4
What is -3 (base 9) in base 6?
-3
-52 (base 7) to base 8
-45
5a (base 12) to base 13
55
What is 7a (base 15) in base 3?
11021
-23 (base 10) to base 14
-19
-3 (base 9) to base 11
-3
Convert -15 (base 7) to base 14.
-c
-7 (base 9) to base 10
-7
What is 74 (base 14) in base 13?
7b
What is -201 (base 3) in base 10?
-19
Convert -12 (base 4) to base 2.
-110
What is -154 (base 6) in base 16?
-46
What is 3 (base 8) in base 3?
10
111 (base 12) to base 4
2131
Convert 0 (base 6) to base 7.
0
Convert -1 (base 13) to base 10.
-1
What is 11 (base 13) in base 9?
15
What is -10 (base 2) in base 3?
-2
Convert 5b (base 13) to base 14.
56
Convert -203 (base 4) to base 10.
-35
Convert 3 (base 10) to base 13.
3
Convert -67 (base 11) to base 16.
-49
Convert -c6 (base 14) to base 13.
-105
-57 (base 16) to base 10
-87
What is 23 (base 5) in base 3?
111
What is 3 (base 16) in base 13?
3
Convert 41 (base 12) to base 15.
34
-9 (base 13) to base 11
-9
-145 (base 7) to base 12
-6a
Convert 2 (base 11) to base 16.
2
Convert 3 (base 16) to base 13.
3
What is 10 (base 8) in base 16?
8
What is 43 (base 6) in base 9?
30
-c (base 14) to base 4
-30
3 (base 5) to base 6
3
What is 8 (base 11) in base 10?
8
What is -33 (base 11) in base 14?
-28
What is 60 (base 9) in base 16?
36
Convert 112 (base 3) to base 2.
1110
Convert 2c (base 13) to base 5.
123
0 (base 9) to base 13
0
Convert -2 (base 15) to base 13.
-2
-e (base 16) to base 2
-1110
What is 3b (base 14) in base 5?
203
-616 (base 7) to base 14
-17d
What is -50 (base 7) in base 4?
-203
Convert 101 (base 2) to base 3.
12
Convert 17 (base 13) to base 15.
15
What is -305 (base 6) in base 8?
-161
What is -123 (base 6) in base 10?
-51
-3 (base 10) to base 13
-3
32 (base 11) to base 3
1022
1401 (base 5) to base 4
3202
155 (base 10) to base 13
bc
Convert 1 (base 3) to base 6.
1
Convert -6 (base 13) to base 14.
-6
-6 (base 9) to base 7
-6
Convert -113 (base 9) to base 7.
-162
14 (base 13) to base 14
13
Convert c (base 13) to base 16.
c
Convert -531 (base 6) to base 5.
-1244
What is 2 (base 11) in base 16?
2
What is -3 (base 15) in base 13?
-3
Convert -2 (base 12) to base 3.
-2
Convert 9 (base 14) to base 11.
9
What is -3 (base 8) in base 2?
-11
Convert 14 (base 8) to base 2.
1100
115 (base 8) to base 14
57
What is -1010 (base 2) in base 8?
-12
2 (base 15) to base 14
2
7 (base 13) to base 5
12
4 (base 10) to base 5
4
Convert -207 (base 8) to b